{"id":53,"date":"2019-07-16T19:10:28","date_gmt":"2019-07-16T19:10:28","guid":{"rendered":"http:\/\/spd-kettwig.de\/?page_id=53"},"modified":"2023-04-02T10:26:45","modified_gmt":"2023-04-02T08:26:45","slug":"unser-team-in-der-bezirksvertretung-ix","status":"publish","type":"page","link":"http:\/\/spd-kettwig.de\/?page_id=53","title":{"rendered":"Unser Team in Rat und Bezirksvertretung"},"content":{"rendered":"\n<figure class=\"is-layout-flex wp-block-gallery-1 wp-block-gallery has-nested-images columns-default is-cropped\">\n<figure class=\"wp-block-image size-large\"><img decoding=\"async\" loading=\"lazy\" width=\"1024\" height=\"1024\" data-id=\"205\"  src=\"http:\/\/spd-kettwig.de\/wp-content\/uploads\/2020\/06\/Kandidatenfoto-Daniel-Behmenburg-quad-1024x1024.jpg\" alt=\"\" class=\"wp-image-205\" srcset=\"http:\/\/spd-kettwig.de\/wp-content\/uploads\/2020\/06\/Kandidatenfoto-Daniel-Behmenburg-quad-1024x1024.jpg 1024w, http:\/\/spd-kettwig.de\/wp-content\/uploads\/2020\/06\/Kandidatenfoto-Daniel-Behmenburg-quad-300x300.jpg 300w, http:\/\/spd-kettwig.de\/wp-content\/uploads\/2020\/06\/Kandidatenfoto-Daniel-Behmenburg-quad-150x150.jpg 150w, http:\/\/spd-kettwig.de\/wp-content\/uploads\/2020\/06\/Kandidatenfoto-Daniel-Behmenburg-quad-768x768.jpg 768w, http:\/\/spd-kettwig.de\/wp-content\/uploads\/2020\/06\/Kandidatenfoto-Daniel-Behmenburg-quad-1536x1536.jpg 1536w, http:\/\/spd-kettwig.de\/wp-content\/uploads\/2020\/06\/Kandidatenfoto-Daniel-Behmenburg-quad-2048x2048.jpg 2048w, http:\/\/spd-kettwig.de\/wp-content\/uploads\/2020\/06\/Kandidatenfoto-Daniel-Behmenburg-quad-100x100.jpg 100w\" sizes=\"(max-width: 767px) 89vw, (max-width: 1000px) 54vw, (max-width: 1071px) 543px, 580px\" \/><\/figure>\n\n\n\n<figure class=\"wp-block-image size-large\"><img decoding=\"async\" loading=\"lazy\" width=\"1024\" height=\"684\" data-id=\"474\"  src=\"http:\/\/spd-kettwig.de\/wp-content\/uploads\/2020\/07\/Susanne-Gilbert-2-1024x684.jpg\" alt=\"\" class=\"wp-image-474\" srcset=\"http:\/\/spd-kettwig.de\/wp-content\/uploads\/2020\/07\/Susanne-Gilbert-2-1024x684.jpg 1024w, http:\/\/spd-kettwig.de\/wp-content\/uploads\/2020\/07\/Susanne-Gilbert-2-300x200.jpg 300w, http:\/\/spd-kettwig.de\/wp-content\/uploads\/2020\/07\/Susanne-Gilbert-2-768x513.jpg 768w, http:\/\/spd-kettwig.de\/wp-content\/uploads\/2020\/07\/Susanne-Gilbert-2-1536x1026.jpg 1536w, http:\/\/spd-kettwig.de\/wp-content\/uploads\/2020\/07\/Susanne-Gilbert-2-2048x1367.jpg 2048w\" sizes=\"(max-width: 767px) 89vw, (max-width: 1000px) 54vw, (max-width: 1071px) 543px, 580px\" \/><\/figure>\n\n\n\n<figure class=\"wp-block-image size-large\"><img decoding=\"async\" loading=\"lazy\" width=\"1024\" height=\"684\" data-id=\"305\"  src=\"http:\/\/spd-kettwig.de\/wp-content\/uploads\/2020\/07\/Heike-Lohmann-1024x684.jpg\" alt=\"\" class=\"wp-image-305\" srcset=\"http:\/\/spd-kettwig.de\/wp-content\/uploads\/2020\/07\/Heike-Lohmann-1024x684.jpg 1024w, http:\/\/spd-kettwig.de\/wp-content\/uploads\/2020\/07\/Heike-Lohmann-300x200.jpg 300w, http:\/\/spd-kettwig.de\/wp-content\/uploads\/2020\/07\/Heike-Lohmann-768x513.jpg 768w, http:\/\/spd-kettwig.de\/wp-content\/uploads\/2020\/07\/Heike-Lohmann-1536x1026.jpg 1536w, http:\/\/spd-kettwig.de\/wp-content\/uploads\/2020\/07\/Heike-Lohmann-2048x1367.jpg 2048w\" sizes=\"(max-width: 767px) 89vw, (max-width: 1000px) 54vw, (max-width: 1071px) 543px, 580px\" \/><\/figure>\n<\/figure>\n\n\n\n<p>Daniel Behmenburg ist unser Ratsherr f\u00fcr Kettwig im Rat der Stadt Essen. Dort setzt er sich f\u00fcr unsere Kettwiger Belange ein und ist neben seinen Ausschussmitgliedschaften  der sportpolitische Sprecher der SPD-Ratsfraktion.<\/p>\n\n\n\n<p>Susanne Gilbert ist unsere Ratsfrau f\u00fcr Kettwig. Als geborene Kemper steht sie in der Historie unseres ehemaligen Kettwiger B\u00fcrgermeisters und ist eine gute Entscheidung f\u00fcr unsere Gartenstadt.<\/p>\n\n\n\n<p>Heike Lohmann geh\u00f6rte bereits in der letzten Ligislaturperiode der Bezirksvertretung IX an und setzt ihre Arbeit f\u00fcr die SPD fort. Sie ist unsere Fraktionsvorsitzende der SPD-Fraktion in der Bezirksvertretung IX.<\/p>\n\n\n\n<p>Unsere Kettwiger Vertreterin in der BV gestaltet SPD-Politik im Bezirk IX gemeinsam mit dem stellvertretenden Bezirksb\u00fcrgermeister Benjamin Brenk aus Werden und Gorden Bringemeier und Heinz Schnetger aus Bredeney.<\/p>\n\n\n\n<p> <\/p>\n","protected":false},"excerpt":{"rendered":"<p>Daniel Behmenburg ist unser Ratsherr f\u00fcr Kettwig im Rat der Stadt Essen. Dort setzt er sich f\u00fcr unsere Kettwiger Belange ein und ist neben seinen Ausschussmitgliedschaften der sportpolitische Sprecher der SPD-Ratsfraktion. Susanne Gilbert ist unsere Ratsfrau f\u00fcr Kettwig. Als geborene Kemper steht sie in der Historie unseres ehemaligen Kettwiger B\u00fcrgermeisters und ist eine gute Entscheidung &hellip; <\/p>\n<p class=\"link-more\"><a href=\"http:\/\/spd-kettwig.de\/?page_id=53\" class=\"more-link\"><span class=\"screen-reader-text\">\u201eUnser Team in Rat und Bezirksvertretung\u201c<\/span> weiterlesen<\/a><\/p>\n","protected":false},"author":1,"featured_media":0,"parent":0,"menu_order":0,"comment_status":"closed","ping_status":"closed","template":"","meta":[],"_links":{"self":[{"href":"http:\/\/spd-kettwig.de\/index.php?rest_route=\/wp\/v2\/pages\/53"}],"collection":[{"href":"http:\/\/spd-kettwig.de\/index.php?rest_route=\/wp\/v2\/pages"}],"about":[{"href":"http:\/\/spd-kettwig.de\/index.php?rest_route=\/wp\/v2\/types\/page"}],"author":[{"embeddable":true,"href":"http:\/\/spd-kettwig.de\/index.php?rest_route=\/wp\/v2\/users\/1"}],"replies":[{"embeddable":true,"href":"http:\/\/spd-kettwig.de\/index.php?rest_route=%2Fwp%2Fv2%2Fcomments&post=53"}],"version-history":[{"count":9,"href":"http:\/\/spd-kettwig.de\/index.php?rest_route=\/wp\/v2\/pages\/53\/revisions"}],"predecessor-version":[{"id":978,"href":"http:\/\/spd-kettwig.de\/index.php?rest_route=\/wp\/v2\/pages\/53\/revisions\/978"}],"wp:attachment":[{"href":"http:\/\/spd-kettwig.de\/index.php?rest_route=%2Fwp%2Fv2%2Fmedia&parent=53"}],"curies":[{"name":"wp","href":"https:\/\/api.w.org\/{rel}","templated":true}]}}

<figure class="is-layout-flex wp-block-gallery-1 wp-block-gallery has-nested-images columns-default is-cropped">
<figure class="wp-block-image size-large"><img decoding="async" loading="lazy" width="1024" height="1024" data-id="205"  src="http://spd-kettwig.de/wp-content/uploads/2020/06/Kandidatenfoto-Daniel-Behmenburg-quad-1024x1024.jpg" alt="" class="wp-image-205" srcset="http://spd-kettwig.de/wp-content/uploads/2020/06/Kandidatenfoto-Daniel-Behmenburg-quad-1024x1024.jpg 1024w, http://spd-kettwig.de/wp-content/uploads/2020/06/Kandidatenfoto-Daniel-Behmenburg-quad-300x300.jpg 300w, http://spd-kettwig.de/wp-content/uploads/2020/06/Kandidatenfoto-Daniel-Behmenburg-quad-150x150.jpg 150w, http://spd-kettwig.de/wp-content/uploads/2020/06/Kandidatenfoto-Daniel-Behmenburg-quad-768x768.jpg 768w, http://spd-kettwig.de/wp-content/uploads/2020/06/Kandidatenfoto-Daniel-Behmenburg-quad-1536x1536.jpg 1536w, http://spd-kettwig.de/wp-content/uploads/2020/06/Kandidatenfoto-Daniel-Behmenburg-quad-2048x2048.jpg 2048w, http://spd-kettwig.de/wp-content/uploads/2020/06/Kandidatenfoto-Daniel-Behmenburg-quad-100x100.jpg 100w" sizes="(max-width: 767px) 89vw, (max-width: 1000px) 54vw, (max-width: 1071px) 543px, 580px" /></figure>



<figure class="wp-block-image size-large"><img decoding="async" loading="lazy" width="1024" height="684" data-id="474"  src="http://spd-kettwig.de/wp-content/uploads/2020/07/Susanne-Gilbert-2-1024x684.jpg" alt="" class="wp-image-474" srcset="http://spd-kettwig.de/wp-content/uploads/2020/07/Susanne-Gilbert-2-1024x684.jpg 1024w, http://spd-kettwig.de/wp-content/uploads/2020/07/Susanne-Gilbert-2-300x200.jpg 300w, http://spd-kettwig.de/wp-content/uploads/2020/07/Susanne-Gilbert-2-768x513.jpg 768w, http://spd-kettwig.de/wp-content/uploads/2020/07/Susanne-Gilbert-2-1536x1026.jpg 1536w, http://spd-kettwig.de/wp-content/uploads/2020/07/Susanne-Gilbert-2-2048x1367.jpg 2048w" sizes="(max-width: 767px) 89vw, (max-width: 1000px) 54vw, (max-width: 1071px) 543px, 580px" /></figure>



<figure class="wp-block-image size-large"><img decoding="async" loading="lazy" width="1024" height="684" data-id="305"  src="http://spd-kettwig.de/wp-content/uploads/2020/07/Heike-Lohmann-1024x684.jpg" alt="" class="wp-image-305" srcset="http://spd-kettwig.de/wp-content/uploads/2020/07/Heike-Lohmann-1024x684.jpg 1024w, http://spd-kettwig.de/wp-content/uploads/2020/07/Heike-Lohmann-300x200.jpg 300w, http://spd-kettwig.de/wp-content/uploads/2020/07/Heike-Lohmann-768x513.jpg 768w, http://spd-kettwig.de/wp-content/uploads/2020/07/Heike-Lohmann-1536x1026.jpg 1536w, http://spd-kettwig.de/wp-content/uploads/2020/07/Heike-Lohmann-2048x1367.jpg 2048w" sizes="(max-width: 767px) 89vw, (max-width: 1000px) 54vw, (max-width: 1071px) 543px, 580px" /></figure>
</figure>



<p>Daniel Behmenburg ist unser Ratsherr für Kettwig im Rat der Stadt Essen. Dort setzt er sich für unsere Kettwiger Belange ein und ist neben seinen Ausschussmitgliedschaften  der sportpolitische Sprecher der SPD-Ratsfraktion.</p>



<p>Susanne Gilbert ist unsere Ratsfrau für Kettwig. Als geborene Kemper steht sie in der Historie unseres ehemaligen Kettwiger Bürgermeisters und ist eine gute Entscheidung für unsere Gartenstadt.</p>



<p>Heike Lohmann gehörte bereits in der letzten Ligislaturperiode der Bezirksvertretung IX an und setzt ihre Arbeit für die SPD fort. Sie ist unsere Fraktionsvorsitzende der SPD-Fraktion in der Bezirksvertretung IX.</p>



<p>Unsere Kettwiger Vertreterin in der BV gestaltet SPD-Politik im Bezirk IX gemeinsam mit dem stellvertretenden Bezirksbürgermeister Benjamin Brenk aus Werden und Gorden Bringemeier und Heinz Schnetger aus Bredeney.</p>



<p> </p>

<p>Daniel Behmenburg ist unser Ratsherr für Kettwig im Rat der Stadt Essen. Dort setzt er sich für unsere Kettwiger Belange ein und ist neben seinen Ausschussmitgliedschaften der sportpolitische Sprecher der SPD-Ratsfraktion. Susanne Gilbert ist unsere Ratsfrau für Kettwig. Als geborene Kemper steht sie in der Historie unseres ehemaligen Kettwiger Bürgermeisters und ist eine gute Entscheidung &hellip; </p>
<p class="link-more"><a href="http://spd-kettwig.de/?page_id=53" class="more-link"><span class="screen-reader-text">„Unser Team in Rat und Bezirksvertretung“</span> weiterlesen</a></p>
